i, 0*i - i - 2 = 0. Is a prime?
True
Let s(w) = 551*w**3 + w**2 + 5*w - 1. Is s(2) a composite number?
False
Let b = 282 + -69. Is b/(-2)*12/(-9) prime?
False
Let u be 2*3/((-6)/(-55)). Let g = u + -24. Is g composite?
False
Let z be (46/4)/(1/(-4)). Suppose 1224 = 14*d - 1086. Let m = z + d. Is m composite?
True
Suppose -5*g = -0*g - 2*s + 1931, 3*s = 9. Suppose -3*p + 1174 - 310 = 0. Let f = p - g. Is f composite?
False
Suppose 17*s = -52 + 1. Is (-1 + 4)/(s/(-397)) prime?
True
Let c(p) = -p**3 + 12*p**2 + 14*p - 10. Let n be c(13). Let s(y) = 3*y**2 + 1. Let d be s(n). Is (-7)/d - 893/(-4) a prime number?
True
Let s(w) = 0 - w**2 + 2*w - 8*w + 3. Let j be s(-6). Suppose -3*t = -4*z + 147, -j*z + 123 = 6*t - 4*t. Is z composite?
True
Suppose 3*m + 0*m - 5*u - 1058 = 0, -2*u = -m + 352. Suppose 152 = 6*y + 50. Let r = y + m. Is r composite?
False
Let d(o) = 2 + 0*o + o**2 - 7*o + 2*o. Let p be d(5). Suppose b - 5*k - 20 = 88, 176 = p*b - 2*k. Is b prime?
True
Is (3244464/(-108))/((-4)/15) a composite number?
True
Let i = 8 - 4. Suppose 2*t + 0 - i = 0. Suppose 2*u = t*d - 21 + 65, -2*u + 50 = -4*d. Is u a composite number?
False
Let g(k) = 8*k**3 - 4*k**2 - 4*k + 7. Let v be g(4). Suppose 4*i - v = 157. Is i a prime number?
True
Let d(s) = 3*s**2 - 4*s + 15. Let i be d(10). Suppose 0 = 2*c - 4*t + 2, -c + 2*t - 16 = -3*c. Suppose 0 = -0*p + c*p - i. Is p prime?
False
Let b = 1600 + -1068. Suppose 5*i = b + 1503. Is i a prime number?
False
Suppose -3*r - 32 = 4*l, l + 33 = -2*r - 4*l. Let f(g) = -3*g**2 + g + 7. Let c(t) = 9*t**2 - 4*t - 20. Let s(z) = 4*c(z) + 11*f(z). Is s(r) prime?
False
Suppose 3*f - 5 = 1. Suppose 0 = f*h + 3*h - 10. Suppose -q + 3*m = -43, -3*m + 81 - 13 = h*q. Is q composite?
False
Let t = 28 - 26. Suppose 0 = 5*y + t*q - 2345, -5*y - 3*q = -266 - 2084. Is y prime?
True
Suppose -50555 - 18210 = -17*p. Is p composite?
True
Suppose 6*r - 25 = -5*x + 5*r, 3*r = 15. Suppose -13*j = -14*j + 3. Suppose f - 3*f + 278 = -4*z, j*z = -x*f + 512. Is f prime?
True
Suppose 96 + 29 = 5*y. Suppose y = 3*k + 16. Suppose -3*l - z = -552, -4*l + z + 752 = -k*z. Is l composite?
True
Let x(b) = b**2 - 6*b + 9. Let d be x(4). Let l be (-15)/(-2) + d/2. Suppose 0 = 2*z - l*z + 4758. Is z composite?
True
Suppose -2*j = 2*m - 14742, 3*m - 10 = -2*m. Is j a prime number?
True
Let k(s) = 5*s**2 - 8*s + 7. Let b be k(5). Suppose 6*i - b - 118 = 0. Is i composite?
True
Let s be (-876)/(-180) - (28/15 - 2). Suppose -j - g = -0*g - 100, -3*g = s*j - 494. Is j a composite number?
False
Let b(x) = 4*x**2 - 15*x + 22. Let m(u) = -u**2 + 10*u. Let i be m(9). Is b(i) a composite number?
False
Let o = 11448 + -3257. Is o a composite number?
False
Suppose -589 = -3*q + 2*q. Is q a prime number?
False
Let v = 36 - 26. Suppose 3*k = v*k - 6979. Is k a composite number?
False
Let z be (-893)/(((-4)/6)/((-4)/6)). Let j = z + 1654. Is j prime?
True
Suppose 13 - 7 = 2*x. Is ((-230)/(-8) + x)*20 composite?
True
Let b(d) = d. Let h be b(-2). Let u be (h*2)/(5/(-360)). Suppose -2*a = 5*z - 218 - 107, -4*z + 4*a + u = 0. Is z a prime number?
True
Suppose 4*x + 4*m = 5*m + 47, 4*x + 5*m = 29. Suppose x*g + 13737 - 52754 = 0. Is g prime?
True
Suppose 294851 = 19*k - 94212. Is k a composite number?
False
Is (108126/9)/(2 + 0) composite?
False
Suppose -4*u = -1605 - 8919. Is u prime?
False
Let h(b) = 1660*b**2 + 39*b + 340. Is h(-9) prime?
False
Let s = -26 - -20. Let a = s - -31. Is (-517)/(-5) + (-10)/a prime?
True
Suppose 128287 = 2*q - 5*c, 128317 = 2*q + 127*c - 122*c. Is q prime?
True
Suppose -y - 5 = -t, -8*t + 2*y + 10 = -4*t. Is (-419)/(-1 - 0/3 - t) a composite number?
False
Is 10 + (-5)/((-60)/186012) a prime number?
True
Let w = 1852 - 1067. Is w composite?
True
Let p = -99 - -96. Is (-50576)/(-87) + 1/p prime?
False
Let g(j) = 416*j - 14. Let s(x) = 208*x - 7. Let l(m) = 3*g(m) - 5*s(m). Is l(2) composite?
False
Let s(g) be the first derivative of 8/3*g**3 + 9 + 2*g**2 + 2*g. Is s(4) prime?
False
Let h be (3/2)/((-3)/882). Let x(q) = -q**3 + 3*q**2 + 3*q + 1. Let c be x(7). Let k = c - h. Is k prime?
False
Let r(i) = i**3 - 3*i**2 + i - 1. Let w be r(3). Suppose -h + 232 = -2*b, w*h + 1130 = 7*h + 5*b. Suppose 3*x - h = 9. Is x composite?
False
Let r be -1 + 5 - 3/(-3). Let c be (8 + 1)*r/(-5). Let s(o) = -68*o + 11. Is s(c) a prime number?
False
Let x(p) be the third derivative of 2*p**5/15 + p**4/6 + 7*p**3/6 - 5*p**2. Let k(n) = 3*n - 1. Let c be k(-2). Is x(c) a prime number?
False
Suppose -5*f - 2*f = 0. Suppose -3*h = -h - 2. Is h - f - 6*-35 a prime number?
True
Let t(s) = -37*s - 6. Is t(-1) a prime number?
True
Let v = 328 - 232. Suppose 0 = 93*z - v*z + 111. Is z composite?
False
Suppose -c + 1 = -1. Suppose c*m - 4 = m. Suppose 3*z + 3*b - 74 = 2*z, -m*z = -5*b - 313. Is z a prime number?
False
Let r(o) = 2696*o + 233. Is r(7) a composite number?
True
Let z(h) = -h**3 + 8*h**2 - 6*h - 4. Let v be z(7). Suppose 0 = -4*t - 8, -v*x - 36 = -x + 3*t. Is ((-1469)/(-39))/((-1)/x) composite?
True
Suppose 6769 = f - 3*w, -4*f - 6*w = -4*w - 27020. Is f a composite number?
True
Suppose -2*k - 4*i = -3*k, 0 = -4*k + 3*i - 13. Is k*(-1)/8*254 prime?
True
Suppose 5*w - 3*r - 52876 = 0, 5*w - 4*r - 31719 = 2*w. Is w composite?
True
Let k = -769 - -1356. Is k prime?
True
Suppose -5*f = -0 - 45. Suppose 2 + f = j. Let k(w) = 9*w**2 + 6*w - 14. Is k(j) a prime number?
False
Let o(w) = 2713*w**3 - 3*w + 3. Is o(2) a prime number?
True
Let n(t) = 2*t + 3. Let z be n(-4). Let b be (z + 2)/(-6)*0. Let w(g) = g**2 + 287. Is w(b) prime?
False
Suppose -88433 = -7*y + 12773. Is y a prime number?
False
Suppose 5*s - 13 - 1273 = -f, -4*f - 3*s = -5127. Let m = f - 217. Is m/10 - (-18)/(-45) a composite number?
True
Suppose 0 = -3*w + w - 3*n + 1423, -w + 714 = n. Is w a composite number?
False
Let n be ((-206)/3)/(((-6)/(-45))/2). Is (-4)/(8/6) - n a prime number?
False
Is (-6)/7 + 28767/21 a prime number?
False
Let i(p) = 46*p + 5. Let l(q) = q - 1. Let n(d) = i(d) + 6*l(d). Is n(11) composite?
False
Let p(i) = -i - 10. Let k be p(-9). Is 546 + -1 + k + 1 a composite number?
True
Let s(c) = 16*c**3 - c. Let k be s(-3). Let z(n) = n**3 - 42*n**2 - 10*n - 71. Let h be z(43). Let d = h + k. Is d a prime number?
True
Suppose 0 = 4*x - 3*m - 39737, 5*x + 4*m - 35342 = 14337. Is x prime?
False
Let o = -20 - -24. Suppose -o*r = -q - 2571, 0*r + q = 2*r - 1287. Suppose -4*k = -3*c + 469, 4*c - 3*k = -6*k + r. Is c prime?
False
Suppose -f - 630 = -h - 2513, 5*f - h = 9415. Is f composite?
True
Suppose -4*n - 18 = -74. Let m = n - 4. Is m a prime number?
False
Suppose 4*a - 41 = 3*z + 9, -z = -5*a + 68. Suppose 1 = 5*x - a. Suppose -6*n + 3*q = -x*n - 291, 0 = 4*q. Is n composite?
False
Let o(t) = -t**3 + 4*t**2 + 2. Let x be o(3). Let m = 14 - x. Suppose 5*j - m*j = 1358. Is j prime?
False
Suppose -z = 4*s - 12, -2*s - 5 = -s. Let v be (-1)/(z/12 + -3). Is 0*v/9 + 6 a composite number?
True
Let v be (-4)/((-80)/(-44))*-5. Let y(o) = o**3 - 8*o**2 - 7*o - 1. Let n be y(v). Let j = -158 + n. Is j composite?
False
Suppose -26*g + 18*g + 40 = 0. Suppose n + 162 = 3*n - 4*x, -g*x + 298 = 4*n. Is n a prime number?
False
Let d(p) = p**3 - 9*p**2 - 9*p - 3. Let s be d(10). Suppose 990 = s*o - o. Is (o/2 - 1)*2 a composite number?
False
Suppose -4*b - 20 = -2*l - 0*b, 2*l + 2*b = 2. Let h(n) = 4*n - 1. Let q be h(l). Let d(x) = 10*x - 19. Is d(q) prime?
True
Let a = 19191 + 75218. Is a composite?
True
Let q = 746 - -635. Suppose 9*w - q = 9950. Is w prime?
True
Let o = 54 + 3905. Is o composite?
True
Suppose 5*x = 2*w + 8795, 6*w - 2*w - 8795 = -5*x. Is x composite?
False
Let t = 449 + -131. Suppose 6*n + 0*n - t = 0. Is n a prime number?
True
Let u = -139 - -143. Let k be (-9248)/(-3) + 1/3. Suppose -u*n - 8*c = -3*c - k, -4*c = -4*n + 3056. Is n prime?
False
Suppose -3*s + 98508 = 3*h, 3*s = -s - h + 131353. Is s a prime number?
True
Suppose -q - 4 = -11. Is 319*1 - (-7 + q) prime?
False
Let x = -13 - -13. Suppose x = -0*v + 8*v - 59992. Is v a composite number?
False
Suppose 15 = 9*y - 3. Suppose 0 = 2*d - 2*o - 260, -y*d - 2*o + 325 - 61 = 0. Is d composite?
False
Let u(d) = 190*d + 1. Suppose -q + 1 = -0. Is u(q) composite?
False
Suppose 0 = -23*q - 1174 + 6533. Is q composite?
F